{"id":638,"date":"2024-02-23T17:17:10","date_gmt":"2024-02-23T16:17:10","guid":{"rendered":"https:\/\/tamus.tachov.org\/subdom\/tamus\/?page_id=638"},"modified":"2025-09-21T15:03:48","modified_gmt":"2025-09-21T13:03:48","slug":"home-2","status":"publish","type":"page","link":"https:\/\/tamus.tachov.org\/subdom\/tamus\/home-2\/","title":{"rendered":"ABOUT"},"content":{"rendered":"\n<h2 class=\"wp-block-heading\">&#8222;TAMUS &#8211; Tachov Archives and Museum Society&#8220;<br>non-profit, non-governmental organisation<\/h2>\n\n\n\n<p>Registered society at the Regional Court in Pilsen, Section L, File No. 7265.<br>ID Nr.: 03912451<\/p>\n\n\n\n<p class=\"has-text-color\" style=\"color:#9ac842\">Account numbers:<\/p>\n\n\n\n<p><strong>IBAN: CZ32 0100 0001 1500 5077 0257 \/ SWIFT\/BIC: KOMBCZPPXXX<\/strong> <br>Bank street address: Komer\u010dn\u00ed banka Tachov, CZ-34701, Czech Rep.<\/p>\n\n\n\n<p><img loading=\"lazy\" decoding=\"async\" width=\"400\" height=\"635\" class=\"wp-image-692\" style=\"width: 150px;\" src=\"https:\/\/tamus.tachov.org\/subdom\/tamus\/wp-content\/uploads\/2025\/07\/qr.jpg\" alt=\"\" srcset=\"https:\/\/tamus.tachov.org\/subdom\/tamus\/wp-content\/uploads\/2025\/07\/qr.jpg 400w, https:\/\/tamus.tachov.org\/subdom\/tamus\/wp-content\/uploads\/2025\/07\/qr-189x300.jpg 189w\" sizes=\"(max-width: 400px) 100vw, 400px\" \/><br><br><\/p>\n\n\n\n<p class=\"has-text-color\" style=\"color:#9ac842\">Contacts:<\/p>\n\n\n\n<p>Website: http:\/\/tamus.tachov.org<br>E-mail: tamustachov@gmail.com<br>Facebook: http:\/\/www.facebook.com\/tamus.tachov<br>Instagram: http:\/\/www.instagram.com\/tamus_tachov\/<\/p>\n\n\n\n<p>The purpose of our society is to repair, restore and preserve cultural heritage through:<\/p>\n\n\n\n<ul>\n<li>organizing repairs, reconstructions and maintenance of buildings, cemeteries and memorial sites,<\/li>\n\n\n\n<li>research and cataloging, particularly topographic, photographic and text documentation,<\/li>\n\n\n\n<li>collecting and publishing results of documentation and research in the fields of history, museology, archival science, architecture, natural science, philosophy, religious and tombstone studies.<\/li>\n<\/ul>\n\n\n\n<p class=\"has-text-color\" style=\"color:#9ac842\">TAMUS organizes and finances: documentations of Jewish cemeteries, authentications of building monuments, and realizes genealogical studies (searching for ancestors from tombstones, archival documents), etc.<\/p>\n\n\n\n<p><\/p>\n\n\n\n<h2 class=\"wp-block-heading\">&#8222;TAMUS &#8211; tachovsk\u00fd archivnick\u00fd a muzejnick\u00fd spolek&#8220;<br>neziskov\u00e1 nevl\u00e1dn\u00ed organizace<\/h2>\n\n\n\n<p>zapsan\u00fd ve spolkov\u00e9m rejst\u0159\u00edku veden\u00e9m u Krajsk\u00e9ho soudu v Plzni v odd\u00edlu L, vlo\u017ece \u010d\u00edslo 7265.<br>I\u010c: 03912451<\/p>\n\n\n\n<p class=\"has-text-color\" style=\"color:#9ac842\">\u010c\u00edsla \u00fa\u010dt\u016f:<\/p>\n\n\n\n<p><strong>115-50770257\/0100<br>IBAN: CZ32 0100 0001 1500 5077 0257<\/strong><br><strong>SWIFT\/BIC: KOMBCZPPXXX (Komer\u010dn\u00ed banka Tachov)<\/strong><br><\/p>\n\n\n\n<p>Kontakty:<\/p>\n\n\n\n<p>Web: http:\/\/tamus.tachov.org<br>E-mail: tamustachov@gmail.com<br>Facebook: http:\/\/www.facebook.com\/tamus.tachov<br>Instagram: http:\/\/www.instagram.com\/tamus_tachov\/<\/p>\n\n\n\n<p>\u00da\u010delem spolku je p\u00e9\u010de o hmotn\u00e9 nemovit\u00e9 kulturn\u00ed d\u011bdictv\u00ed, kterou spolek napl\u0148uje:<\/p>\n\n\n\n<ul>\n<li>organizov\u00e1n\u00edm oprav, rekostrukc\u00ed, \u00fadr\u017ebov\u00fdch prac\u00ed staveb, h\u0159bitov\u016f a pietn\u00edch m\u00edst,<\/li>\n\n\n\n<li>organizov\u00e1n\u00edm dokumenta\u010dn\u00ed a v\u00fdzkumn\u00e9 \u010dinnosti, zejm\u00e9na po\u0159izov\u00e1n\u00ed polohopisn\u00e9, fotografick\u00e9 a textov\u00e9 dokumentace staveb, h\u0159bitov\u016f a pietn\u00edch m\u00edst,<\/li>\n\n\n\n<li>shroma\u017e\u010fov\u00e1n\u00edm a publikov\u00e1n\u00edm v\u00fdsledk\u016f dokumenta\u010dn\u00ed a v\u00fdzkumn\u00e9 \u010dinnosti v oborech historie, muzeologie, archivnictv\u00ed, architektury, p\u0159\u00edrodn\u00edch v\u011bd, filozofie, religionistiky a sepulkralistiky.<\/li>\n<\/ul>\n\n\n\n<p class=\"has-text-color\" style=\"color:#9ac842\">Organizujeme a finan\u010dn\u011b zaji\u0161\u0165ujeme: dokumentace \u017eidovsk\u00fdch h\u0159bitov\u016f,dokumentace stavebn\u00edch pam\u00e1tek,jednoduch\u00e9 genealogick\u00e9 studie (vyhled\u00e1n\u00ed p\u0159edk\u016f z \u00fadaj\u016f na n\u00e1hrobc\u00edch, archivn\u00edch dokument\u016f), atd.<\/p>\n","protected":false},"excerpt":{"rendered":"<p>&#8222;TAMUS &#8211; Tachov Archives and Museum Society&#8220;non-profit, non-governmental organisation Registered society at the Regional Court in Pilsen, Section L, File No. 7265.ID Nr.: 03912451 Account numbers: IBAN: CZ32 0100 0001 1500 5077 0257 \/ SWIFT\/BIC: KOMBCZPPXXX Bank street address: Komer\u010dn\u00ed banka Tachov, CZ-34701, Czech Rep. Contacts: Website: http:\/\/tamus.tachov.orgE-mail: tamustachov@gmail.comFacebook: http:\/\/www.facebook.com\/tamus.tachovInstagram: http:\/\/www.instagram.com\/tamus_tachov\/ The purpose of our [&hellip;]<\/p>\n","protected":false},"author":1,"featured_media":0,"parent":0,"menu_order":0,"comment_status":"closed","ping_status":"closed","template":"","meta":{"ocean_post_layout":"","ocean_both_sidebars_style":"","ocean_both_sidebars_content_width":0,"ocean_both_sidebars_sidebars_width":0,"ocean_sidebar":"","ocean_second_sidebar":"","ocean_disable_margins":"enable","ocean_add_body_class":"","ocean_shortcode_before_top_bar":"","ocean_shortcode_after_top_bar":"","ocean_shortcode_before_header":"","ocean_shortcode_after_header":"","ocean_has_shortcode":"","ocean_shortcode_after_title":"","ocean_shortcode_before_footer_widgets":"","ocean_shortcode_after_footer_widgets":"","ocean_shortcode_before_footer_bottom":"","ocean_shortcode_after_footer_bottom":"","ocean_display_top_bar":"default","ocean_display_header":"default","ocean_header_style":"","ocean_center_header_left_menu":"","ocean_custom_header_template":"","ocean_custom_logo":0,"ocean_custom_retina_logo":0,"ocean_custom_logo_max_width":0,"ocean_custom_logo_tablet_max_width":0,"ocean_custom_logo_mobile_max_width":0,"ocean_custom_logo_max_height":0,"ocean_custom_logo_tablet_max_height":0,"ocean_custom_logo_mobile_max_height":0,"ocean_header_custom_menu":"","ocean_menu_typo_font_family":"","ocean_menu_typo_font_subset":"","ocean_menu_typo_font_size":0,"ocean_menu_typo_font_size_tablet":0,"ocean_menu_typo_font_size_mobile":0,"ocean_menu_typo_font_size_unit":"px","ocean_menu_typo_font_weight":"","ocean_menu_typo_font_weight_tablet":"","ocean_menu_typo_font_weight_mobile":"","ocean_menu_typo_transform":"","ocean_menu_typo_transform_tablet":"","ocean_menu_typo_transform_mobile":"","ocean_menu_typo_line_height":0,"ocean_menu_typo_line_height_tablet":0,"ocean_menu_typo_line_height_mobile":0,"ocean_menu_typo_line_height_unit":"","ocean_menu_typo_spacing":0,"ocean_menu_typo_spacing_tablet":0,"ocean_menu_typo_spacing_mobile":0,"ocean_menu_typo_spacing_unit":"","ocean_menu_link_color":"","ocean_menu_link_color_hover":"","ocean_menu_link_color_active":"","ocean_menu_link_background":"","ocean_menu_link_hover_background":"","ocean_menu_link_active_background":"","ocean_menu_social_links_bg":"","ocean_menu_social_hover_links_bg":"","ocean_menu_social_links_color":"","ocean_menu_social_hover_links_color":"","ocean_disable_title":"default","ocean_disable_heading":"default","ocean_post_title":"","ocean_post_subheading":"","ocean_post_title_style":"","ocean_post_title_background_color":"","ocean_post_title_background":0,"ocean_post_title_bg_image_position":"","ocean_post_title_bg_image_attachment":"","ocean_post_title_bg_image_repeat":"","ocean_post_title_bg_image_size":"","ocean_post_title_height":0,"ocean_post_title_bg_overlay":0.5,"ocean_post_title_bg_overlay_color":"","ocean_disable_breadcrumbs":"default","ocean_breadcrumbs_color":"","ocean_breadcrumbs_separator_color":"","ocean_breadcrumbs_links_color":"","ocean_breadcrumbs_links_hover_color":"","ocean_display_footer_widgets":"default","ocean_display_footer_bottom":"default","ocean_custom_footer_template":"","footnotes":""},"_links":{"self":[{"href":"https:\/\/tamus.tachov.org\/subdom\/tamus\/wp-json\/wp\/v2\/pages\/638"}],"collection":[{"href":"https:\/\/tamus.tachov.org\/subdom\/tamus\/wp-json\/wp\/v2\/pages"}],"about":[{"href":"https:\/\/tamus.tachov.org\/subdom\/tamus\/wp-json\/wp\/v2\/types\/page"}],"author":[{"embeddable":true,"href":"https:\/\/tamus.tachov.org\/subdom\/tamus\/wp-json\/wp\/v2\/users\/1"}],"replies":[{"embeddable":true,"href":"https:\/\/tamus.tachov.org\/subdom\/tamus\/wp-json\/wp\/v2\/comments?post=638"}],"version-history":[{"count":6,"href":"https:\/\/tamus.tachov.org\/subdom\/tamus\/wp-json\/wp\/v2\/pages\/638\/revisions"}],"predecessor-version":[{"id":698,"href":"https:\/\/tamus.tachov.org\/subdom\/tamus\/wp-json\/wp\/v2\/pages\/638\/revisions\/698"}],"wp:attachment":[{"href":"https:\/\/tamus.tachov.org\/subdom\/tamus\/wp-json\/wp\/v2\/media?parent=638"}],"curies":[{"name":"wp","href":"https:\/\/api.w.org\/{rel}","templated":true}]}}